it of g(k)?
8
Let s(y) = -y**3 + 5*y**2 + 4*y - 6. Let q be s(6). Let u be 4/q - (-3950)/(-45). What is the units digit of u/(-72) - 4/18?
1
Let c = 126 + -114. Suppose -268 - 272 = -c*y. What is the units digit of y?
5
Let s = -47 + 50. Suppose -5*g + 36 = -s*g. What is the tens digit of g?
1
Let f(s) = 7*s + s**2 - 2 + 1 + 7. Let a be f(-6). Suppose a = -4*t + 2*t + 30. What is the units digit of t?
5
Suppose -15*y - 2*y + 2295 = 0. Suppose j - y = 65. What is the hundreds digit of j?
2
Let s = -153 + 758. What is the hundreds digit of s?
6
Let c = -2525 + 4360. What is the thousands digit of c?
1
Let h(t) = 2*t + 49. Let u be h(-22). Suppose -u*o + 296 = 4*g - 23, -4*o + 264 = g. What is the units digit of o?
7
Suppose 8*x = 5*x - 27. Let k = -13 - x. What is the tens digit of (48/4)/k - -45?
4
Let a(b) = -83*b + 224 - 18*b - 231. What is the tens digit of a(-1)?
9
Suppose 0 = -5*r + 18 + 12. Let i(u) = 3*u**2 - 2*u. Let l be i(r). Let c = 136 - l. What is the units digit of c?
0
What is the thousands digit of (-3)/((-9)/(-894))*572/(-104)?
1
Let f = -9 + 6. Let p be f/4*-4 + 0. Suppose 0*j = -p*j + 66. What is the units digit of j?
2
Let z be ((-6)/9)/(3/(-72)). Let y = -20 + z. What is the units digit of 53/1 + y + 6?
5
Suppose 726 = 3*s - 1155. What is the hundreds digit of s?
6
Let u = 31 + 6. Let f = u + 9. What is the tens digit of f?
4
Let z(w) = w**2 + 18*w + 18. Let b be z(-17). Suppose -5*p + 79 + 1 = 0. Let g = p - b. What is the units digit of g?
5
Suppose -10*d = -11*d + 1. Let x = d - -76. What is the units digit of x?
7
Let s = 32 - 46. What is the units digit of (-10 - 0)/(s/91)?
5
Suppose -o + 9 = i, -4*i + 3*o + 39 = 6*o. What is the tens digit of i?
1
What is the hundreds digit of 513 - (-4 - ((-20)/(-4) - 9))?
5
Suppose x + 13 - 2 = 0. Let n be 3/4 - 2/(8/(-61)). Let q = n - x. What is the tens digit of q?
2
Let d(g) = g + 2. Let s(a) = -a**3 - 5*a**2 - 3*a + 5. Let z be s(-4). Let r be (-37)/(-4) + z/(-4). What is the tens digit of d(r)?
1
Suppose 30 = 4*d - 0*f - f, 3*d - 4*f = 16. Suppose 216 = d*y - 4*y. Let k = -31 + y. What is the units digit of k?
3
Let v = -26 + 147. What is the tens digit of v?
2
Suppose -6*r + 8329 = -6791. What is the tens digit of r?
2
Suppose 3*s - 15 = -0. Suppose 3*x - 264 = x + c, 642 = s*x + 2*c. What is the tens digit of x?
3
Let p = 512 - 414. What is the units digit of p?
8
Suppose 5*n = 11*n - 6. Suppose 5*t = -2*z + 2, n = z - 0*t + 4*t. What is the tens digit of 438/6 - (-1)/z?
7
Let i(y) = y**3 + 8*y**2 + 14*y + 15. Let x be i(-6). Let h(r) = r - 1. Let l(f) = -f**2 + f + 5. Let k(j) = 2*h(j) + l(j). What is the units digit of k(x)?
3
Let c = -47 - -51. Suppose -2*z + 5*u + 8 = 0, -2*z + u - 3*u = -8. Suppose z*l = -v + 123 - 40, -5*v - 65 = -c*l. What is the units digit of l?
0
Let k(i) = 3*i**2 - 26*i - 400. What is the tens digit of k(22)?
8
Let d(h) = h**3 + 24*h**2 - 6*h + 14. What is the units digit of d(-24)?
8
Suppose 5*n - 3*v - 2495 = 0, -n - 3*n + v + 1989 = 0. Let m be n/12*6*-1. What is the units digit of (-44)/33 + m/(-6)?
0
What is the hundreds digit of -4 + 7 - -1 - -1669?
6
Suppose -t + 4*o = -4, 0 = 3*t + o + 2*o + 3. What is the units digit of (-4104)/(-27) + (t - 4)?
8
Let p be 3*4782/18*1. Suppose 2*s + 3*s - 5 = 0, 0 = 3*a - 4*s - p. What is the hundreds digit of a?
2
Let l(k) = 9*k**2 + 3. Let o be l(-3). Suppose -5*t = -h + 193, o = -2*t + 2*h - 5*h. Let z = -9 - t. What is the tens digit of z?
3
Suppose 11*h - 15 = 6*h. Suppose -3*g + 0*g - 4*r + 23 = 0, 0 = -h*r - 3. What is the units digit of 102/g*9/6?
7
Let h(r) = -1 + 7*r**3 + 33*r - 2 - 31*r. What is the units digit of h(2)?
7
Suppose -4*d - 4*w = 6 + 2, -3*d - 10 = 5*w. Suppose -5*n + 232 = 4*y, -y + d*n = -2*n - 71. What is the tens digit of y?
6
Suppose -4*x + 267 = 267. Suppose x = 122*c - 121*c - 332. What is the hundreds digit of c?
3
Let q(n) = -n**3 + 16*n**2 - 10*n - 5. Let s be (12 - 6)/(2/5). What is the tens digit of q(s)?
7
Let u(x) = -8*x + 31. Let g be u(9). Let v = -14 - g. What is the tens digit of v?
2
Let j = -148 + 106. Let c = j - -27. What is the units digit of (-4)/(-10) + (-294)/c?
0
Let t(v) = v - 8 - 15 + 36. Let x be t(16). What is the tens digit of ((-1 - 2) + x)*1?
2
Suppose -5*f + 3*m = -9941 - 7308, -5*f + 17237 = m. What is the tens digit of f?
4
Suppose -9*b + 6 = -7*b. Suppose 2*x - b*v = 89, -3*x = -4*x - v + 42. What is the tens digit of x?
4
Let q = -112 + 113. What is the tens digit of (q + (38 - -4))/1?
4
Suppose p - 6 - 4 = 0. Suppose -c - 7 = -3*z + p, -z = -3*c - 19. What is the units digit of (-32)/z*34/(-8)?
4
Let f be 1734/7 - 26/(-91). Suppose -4*h + 0*h = -f. What is the tens digit of h?
6
Let x be (-126)/(-21) + (-1 - 1*2). Suppose -4*h = -n + 10, -5*n + 88 = x*h - 4*h. What is the units digit of n?
8
Let s be 1 + -2 - 6*(-12)/18. Suppose 0 = -2*k - 2*k, -g - 3*k = -4. Suppose -4*i + 7 = l - 53, s*l = -i + g. What is the units digit of i?
6
Suppose -104*r + 161*r - 57057 = 0. What is the units digit of r?
1
Suppose -5*v + 40 = 5*c, -8 = 4*c - 3*v - 5. Suppose 380 = c*p - 82. What is the hundreds digit of p?
1
Let m be (-2)/(3/(-840)*2). Let p = -136 + m. Let d = p + -99. What is the tens digit of d?
4
Let y be ((-178)/8)/(-5 + (-234)/(-48)). Let s = 46 + y. What is the units digit of s?
4
Let l = -57 - -61. Suppose l = p - 33. What is the tens digit of p?
3
Let b(l) = -2*l**3 + 3*l - 2. Let t be b(-2). What is the units digit of 3 - (-45 - (4 - t))?
4
Let z(b) = b**3 - 2*b**2 - 2*b + 3. Let o be z(3). Suppose -132 = -4*x + i - o*i, 0 = -5*x - 3*i + 152. What is the units digit of x?
8
Let w = -1027 + 636. Let g = w + 560. What is the hundreds digit of g?
1
Suppose 0 = -7*l + 2610 - 1070. What is the tens digit of l?
2
Suppose -14*w + 28196 = 24*w. What is the hundreds digit of w?
7
Let d be (-6)/(-24)*1614*(-24)/(-9). Suppose 0 = 4*j - 4*p - d, -2*p - 41 - 1033 = -4*j. What is the hundreds digit of j?
2
Suppose 5*s - 4*y - 4641 = 0, -326 = -4*s - y + 3370. What is the hundreds digit of s?
9
Suppose u = x - 172 - 353, 0 = -5*x + 4*u + 2624. What is the units digit of x?
4
Let j(d) = -d**2 + 16*d - 12. Let u be j(15). Let x be -3*1*(-25)/u. What is the tens digit of x + 1/(-2)*4?
2
Let f be (-175)/(-1) + -4 - 3. Suppose -5*i - 4*h + 858 = 0, -i - 3*h + 4*h = -f. Suppose 3*y - 5*w - i = 0, 5*y - 441 = w - 121. What is the tens digit of y?
6
Let m(c) = 11*c - 22. Let u be m(10). Let x = -62 + u. What is the tens digit of x?
2
What is the units digit of -760*(2/(-5) + 4 + -4)?
4
Let z = 26 + 10. Suppose 0 = 40*q - z*q - 732. What is the tens digit of q?
8
Suppose 121*j - 122*j + 114 = 0. What is the units digit of j?
4
Let m = 281 + 274. What is the tens digit of m?
5
Suppose -9*n + 5*d - 3979 = -10*n, 5*n = -4*d + 19832. What is the hundreds digit of n?
9
Suppose -9 = 3*g - 3*c, -5*c - 1 = -3*g - 16. Suppose u = -x + 209, 3*u - 2*x + x - 607 = g. What is the units digit of u?
4
What is the tens digit of (3 + -2)*-7 + -34 + 2747?
0
Let t(o) = -2*o**3 + 26*o**2 - 4*o + 15. What is the units digit of t(11)?
5
Suppose 1231 = 2*n - a, 18*n - 5*a + 3070 = 23*n. What is the units digit of n?
5
Suppose a + 4*s - 2061 = -0*a, -4*s - 4098 = -2*a. What is the tens digit of a?
5
Suppose -1729 = 5*o - 4879. Let b = 920 - o. What is the units digit of b?
0
Let s(f) = 1581*f**2 - 12*f - 13. What is the units digit of s(-1)?
0
Suppose -5 = -3*g + 1. Suppose g*f - 196 = -8. What is the units digit of f?
4
Let f = -2046 + 5405. What is the hundreds digit of f?
3
Let v = 1636 - -21. What is the units digit of v?
7
Let o(p) = -3*p**2 + 19*p - 4. Let j be o(6). Let i be -36 + 1 - (-2 - 1). What is the tens digit of (16/i)/(j/(-60))?
1
Let u(a) = 3*a**2 + 2*a + 8. What is the units digit of u(-2)?
6
Let b(d) = d**3 - d**2. Let y(f) = f. Let n be y(0). Suppose -2*j + 0*j + 4 = n. What is the units digit of b(j)?
4
What is the units digit of (1772/10)/(4/10)?
3
Let d(h) = -19*h + 2. Let a be (6/2)/((-4)/(-36)). Suppose 3*j + a = -4*s, -4*s = -2*j + 4*j + 22. What is the tens digit of d(s)?
5
Let c(z) = 3*z**3 - z**2 + z - 1. Let d be c(1). Let l(g) = 100*g - 7. What is the units digit of l(d)?
3
Suppose 0 = -15*x + 2*x. Suppose -17*t + 19*t - 408 = x. What is the units digit 